{"id":716,"date":"2015-05-10T16:36:08","date_gmt":"2015-05-10T15:36:08","guid":{"rendered":"http:\/\/www.die-ganzmacher.de\/?page_id=716"},"modified":"2026-01-18T17:37:32","modified_gmt":"2026-01-18T16:37:32","slug":"ueber-uns","status":"publish","type":"page","link":"https:\/\/www.die-ganzmacher.de\/?page_id=716","title":{"rendered":"\u00fcber uns"},"content":{"rendered":"<h1><span style=\"font-family: verdana, geneva, sans-serif; font-size: 18pt; color: #0000ff;\">Unser Anfang liegt nun \u00fcber 10 Jahren zur\u00fcck.<\/span><\/h1>\n<p>Aus der Motivation heraus, der sich immer weiter vertiefenden gesellschaftlichen Entsolidarisierung, sowie der mit der fortschreitenden Globalisierung verbundenen immer r\u00fccksichtsloseren Ressourcenverschwendung und Entm\u00fcndigung der Konsumenten etwas entgegenzusetzen suchte Lutz Schr\u00f6der schon seit l\u00e4ngerem nach alternativen Ans\u00e4tzen.\u00a0 Die Idee ein Reparatur Caf\u00e9 als einen Ort des Miteinanders verschiedener Gruppen und zur L\u00f6sung individueller Probleme zu etablieren entstand im Fr\u00fchjahr 2014.<br \/>\nHier entstand auch der Name des Projektes<em> \u201e<strong><span style=\"color: #3366ff;\">Caf\u00e9 GanzMacher<\/span><\/strong>\u201c<\/em>.<br \/>\nBei der Besch\u00e4ftigung mit dem Thema fand er im Mai 2014 bei intensiven Recherchen im Internet Gleichgesinnte und das bereits existierende sehr gut entwickelte Netzwerk der Repair Caf\u00e9s und trat mit der Stiftung \u201eAnstiftung und Ertomis&#8220; in Kontakt.<\/p>\n<p>So entwickelte er im Fr\u00fchsommer 2014 ein Konzept zum Aufbau des \u201eCaf\u00e9 GanzMacher\u201c \u2013 dem Reparatur Caf\u00e9 in Bautzen. Anfang August ging unser Initiator zum ersten Mal mit seiner Idee und dem Konzept in die \u00d6ffentlichkeit, um Gleichgesinnte aus Bautzen und der n\u00e4heren Umgebung zu gewinnen.<br \/>\nAm <em>2. August 2014<\/em> erschien im <em>Oberlausitzer Kurier<\/em> in der Lokalausgabe Bautzen auf der Seite 1 der erste Artikel \u00fcber das Projekt.<\/p>\n<p>Ein erstes Treffen mit Interessierten fand im September 2014 statt. Seit Oktober traf sich ein kleines Team der <em>Organisatoren und Reparaturspezialisten<\/em> regelm\u00e4\u00dfig im Abstand von zwei Wochen. Im November waren wir bereits eine Gruppe von 12 GanzMachern, die gemeinsam die erste \u00f6ffentlichen Veranstaltung planten und organisierten, die dann zwei Mal im Monat stattfinden soll.\u00a0Als Ort f\u00fcr unsere Veranstaltungen konnten wir das Steinhaus in Bautzen\u00a0gewinnen und die Termine f\u00fcr jeden 1. und 3. Dienstag im Monat vereinbaren.<\/p>\n<p>Innerhalb kurzer Zeit entstand aus eigener Kraft auch unsere Website<br \/>\n<a href=\"https:\/\/www.die-ganzmacher.de\">www.die-ganzmacher.de, <\/a>mit der wir nun unsere Ideen und Vorhaben in die \u00d6ffentlichkeit tragen konnten.<\/p>\n<p>Am 03. Januar 2015 war es dann soweit. Wir er\u00f6ffneten zum ersten Mal in Bautzen unseren Reparaturtreff, f\u00fcr den wir im Vorfeld durch einen kleinen Artikel im \u201eOberlausitzer Kurier\u201c geworben hatten. Das ganze Team war hoch motiviert und sehr gespannt, wie die Initiative von den Bautzener Einwohnern aufgenommen wird. Die Resonanz war sehr ermutigend. Wir konnten\u00a0 25 Besucher begr\u00fc\u00dfen und 7 erfolgreiche Reparaturen standen am Ende des ersten Tages als Bilanz. Die darauf folgende Veranstaltung am 17. Januar 2015 brach alle Erwartungen. Zahlreiche Besucher (41) haben uns fast \u00fcberrollt. Die zur Verf\u00fcgung gestellten 2 Projektr\u00e4ume im Steinhaus platzten aus allen N\u00e4hten, so dass uns f\u00fcr weitere Veranstaltungen von der Leitung des Hauses der neue Saal bis auf weiteres zur Verf\u00fcgung gestellt wurde.<\/p>\n<p>Die Bilanz des ersten Halbjahres 2015 ist beeindruckend. Insgesamt konnten wir bis zur Sommerpause im Juli 278 Besucher begr\u00fc\u00dfen und 130 Reparaturen erfolgreich durchf\u00fchren. Viele Besucher unterst\u00fctzten uns mit finanziellen Zuwendungen\u00a0oder boten materielle Unterst\u00fctzung an. Zum Team kamen weitere MitstreiterInnen dazu, die sich ehrenamtlich und uneigenn\u00fctzig engagieren. Heute sind wir 15 GanzMacher, die sich regelm\u00e4\u00dfig treffen.<\/p>\n<p>Nat\u00fcrlich brauchen wir noch weitere Unterst\u00fctzer, die die Reihen der <em>ReparaturspezialistInnen verst\u00e4rken und weitere aktive HelferInnen <\/em>f\u00fcr die Betreuung der G\u00e4ste und Teammitglieder. Auch f\u00fcr die \u00d6ffentlichkeitsarbeit und unsere Pr\u00e4senz in den Medien ben\u00f6tigen wir Verst\u00e4rkung. Und wer sich nicht aktiv einbringen kann, kann uns als F\u00f6rderer auf andere Art und Weise helfen!<\/p>\n<p>Bitte benutzt f\u00fcr eine entsprechende Nachricht an uns unser <a href=\"https:\/\/www.die-ganzmacher.de\/kontakt\/\"><u>Kontaktanfrage<\/u><\/a>.<\/p>\n<p>Wir freuen uns \u00fcber jede Unterst\u00fctzung!<\/p>\n","protected":false},"excerpt":{"rendered":"<p>Unser Anfang liegt nun \u00fcber 10 Jahren zur\u00fcck. Aus der Motivation heraus, der sich immer weiter vertiefenden gesellschaftlichen Entsolidarisierung, sowie der mit der fortschreitenden Globalisierung verbundenen immer r\u00fccksichtsloseren Ressourcenverschwendung und Entm\u00fcndigung der Konsumenten etwas entgegenzusetzen suchte Lutz Schr\u00f6der schon seit l\u00e4ngerem nach alternativen Ans\u00e4tzen.\u00a0 Die Idee ein Reparatur Caf\u00e9 als <a class=\"more-link\" href=\"https:\/\/www.die-ganzmacher.de\/?page_id=716\">weiter&#8230;<\/a><\/p>\n","protected":false},"author":5,"featured_media":0,"parent":0,"menu_order":0,"comment_status":"closed","ping_status":"closed","template":"","meta":{"footnotes":""},"class_list":["post-716","page","type-page","status-publish","hentry"],"_links":{"self":[{"href":"https:\/\/www.die-ganzmacher.de\/index.php?rest_route=\/wp\/v2\/pages\/716","targetHints":{"allow":["GET"]}}],"collection":[{"href":"https:\/\/www.die-ganzmacher.de\/index.php?rest_route=\/wp\/v2\/pages"}],"about":[{"href":"https:\/\/www.die-ganzmacher.de\/index.php?rest_route=\/wp\/v2\/types\/page"}],"author":[{"embeddable":true,"href":"https:\/\/www.die-ganzmacher.de\/index.php?rest_route=\/wp\/v2\/users\/5"}],"replies":[{"embeddable":true,"href":"https:\/\/www.die-ganzmacher.de\/index.php?rest_route=%2Fwp%2Fv2%2Fcomments&post=716"}],"version-history":[{"count":2,"href":"https:\/\/www.die-ganzmacher.de\/index.php?rest_route=\/wp\/v2\/pages\/716\/revisions"}],"predecessor-version":[{"id":1786,"href":"https:\/\/www.die-ganzmacher.de\/index.php?rest_route=\/wp\/v2\/pages\/716\/revisions\/1786"}],"wp:attachment":[{"href":"https:\/\/www.die-ganzmacher.de\/index.php?rest_route=%2Fwp%2Fv2%2Fmedia&parent=716"}],"curies":[{"name":"wp","href":"https:\/\/api.w.org\/{rel}","templated":true}]}}